4/12 + 101*q**2. Let a(d) be the third derivative of b(d). Give a(2).
5
Let g(y) = y**2 + y - 10. Let r = 5448 - 5443. What is g(r)?
20
Let x(k) = -2*k**3 + 19*k**2 + 4*k - 14. Let u be x(-1). Let y(z) = 2*z**3 - 5*z**2 + 1. Determine y(u).
10
Let r = 20151 + -20165. Let f(d) = -5*d - 71. Calculate f(r).
-1
Suppose 24*t + 61 = -83. Let w(l) = -l + 1. Let g(k) = k**2 + 3*k - 5. Let x(v) = g(v) - w(v). Calculate x(t).
6
Let v(u) = -u**3 - 2*u**2 + 25*u + 13. Let a be v(-6). Suppose -y - a*h = -4*h + 13, 5*y + 3*h = -29. Let t(l) = 2*l**2 + 5*l - 4. Determine t(y).
8
Let a(p) = -p - 11. Let r(c) = -9*c + 78. Let b be r(-8). Let g = 140 - b. What is a(g)?
-1
Let b(h) = 3*h**2 - h - 2. Let f be b(1). Suppose f = -26*x + 12*x - 70. Let t(w) = w**3 + 4*w**2 + 12. Determine t(x).
-13
Let w(b) = 2*b**3 + 3*b**2 + 6*b + 6. Let q be w(5). Let v(s) = q*s + 3 + 5*s**2 + s**3 - 2 - 369*s. Determine v(-6).
13
Suppose -3*w = -5*c - 5, 22 = -3*w + 2*c + 33. Let q(t) = -t**2 + 5*t + 9. Determine q(w).
9
Let o(u) = 2*u - 1. Let r be o(-6). Let n = r + 18. Let c be (-2 - n)*2/(-14). Let q(z) = 5*z**2 - 2*z + 1. Determine q(c).
4
Let n(u) be the first derivative of 2*u**3/3 - 2*u**2 + 3*u + 84. Let j = 4 + -1. Calculate n(j).
9
Let q(j) = -48 + 2073*j**2 - 2076*j**2 + 32*j - 8*j. What is q(2)?
-12
Let s = 7491 + -7475. Let g(x) = -x**3 + 16*x**2 + 3*x - 38. Give g(s).
10
Let g(q) be the first derivative of -q**3/3 + q**2 - 17*q - 1213. Give g(9).
-80
Let r(j) = -j**2 - 14*j - 40. Let c be (-8*(-203)/84)/(-6) + (-2)/(-9). What is r(c)?
-7
Let u(l) = l**2 + 12*l + 24. Suppose 177*p - 175*p = -20. Determine u(p).
4
Let u(k) = k - 8. Let j(c) = 40*c - 318. Let x be j(8). Let d(l) = l**3 + 5*l**2 - 8*l - 8. Let m be d(-6). Let h be (7 - 18 - -2) + m/x. What is u(h)?
-15
Let u(k) = -13*k**2 - 36*k + 17. Let c(j) = 12*j**2 + 34*j - 16. Let h(s) = 14*c(s) + 13*u(s). What is h(6)?
9
Let s be (-1)/4*(504/(-364))/(75/650). Let l(x) = 3*x**2 + 3*x + 9. Let c(t) = -2*t**2 - t - 5. Let w(a) = 5*c(a) + 3*l(a). Give w(s).
5
Let d(s) = -159*s**2 - 35*s + 161*s**2 + 8 + s**3 + 0*s**3 - 5. Calculate d(5).
3
Let q(d) = 11*d + 529. Let j(o) = -12*o - 654. Let g(s) = 4*j(s) + 5*q(s). What is g(-2)?
15
Suppose 2*p + 3*b + 2 = b, -2*p + 5*b + 26 = 0. Let l(x) = -x**2 - 1440*x**3 - 3 - 2 + 3*x + 1439*x**p + 6. Let n(h) = -3*h + 1. Let g be n(1). Determine l(g).
-1
Let v(d) = 39*d - 45 - 8*d - 12*d - 13*d. What is v(7)?
-3
Let v be (-9)/12*-4 - -35. Let k = v - 27. Let z(q) = 5*q**2 + 5 - 8 + k - q**3 + 2*q. Determine z(6).
-16
Let n(c) = -5*c**3 - 11*c**2 - 3*c + 3. Let v(f) = -f**3 - f**2 + f + 1. Let a(k) = -5*k - 49. Let y be a(-9). Let w(d) = y*v(d) + n(d). What is w(-6)?
5
Suppose 0 = -2*k + 4*o + 6, -o + 6 = -k + 12. Let j(v) = v**2 - 14*v + 11. What is j(k)?
-34
Suppose 214 = -2*p + 204, p - 9 = o. Let i(l) = l**2 + 16*l + 42. Determine i(o).
14
Let f(z) = z**2 + 26*z - 361. Let i be f(-36). Let b(a) = 29*a + 8. Give b(i).
-21
Let k(m) = -4*m - 62*m**2 + 22*m**2 - 4 + 18*m**2 + 37*m**2. Give k(-3).
143
Let r(f) = -3*f**2 + 13*f + 1. Let b(c) = -c**3 - 75*c**2 - 51*c + 1707. Let j be b(-74). Give r(j).
-9
Let v(h) be the second derivative of -h**5/20 + h**4/2 + 2*h**3/3 - 5*h**2/2 + h. Let x be (-154)/42 - (-1)/(-3). Let l be (-18)/21*(-3 + x). Give v(l).
19
Let c(p) = -2*p**3 - 5*p**2 + p + 3. Suppose -13*b - 82 + 30 = 0. Determine c(b).
47
Suppose z + 6 = -2*z. Let d(n) be the third derivative of 39*n**2 + 1/12*n**4 + 0*n + 0 - 1/3*n**3. Give d(z).
-6
Let b be -3 - (-1)/2*(16 + 0). Let f(z) = 2*z + 4. Let k(s) = -4*s - 10. Let i(w) = b*f(w) + 2*k(w). What is i(-13)?
-26
Let r(s) = -s**3 + 11*s**2 - 5*s - 34. Let u be r(10). Let j(y) = -30*y + 56. Let n(z) = 6*z - 11. Let b(h) = u*n(h) + 3*j(h). Give b(-6).
-44
Suppose 4*d = 3*g - 2, -26*g + 30*g + 5*d - 44 = 0. Let x(r) = 3*r**2 - 7*r + 21. Give x(g).
87
Let h(b) be the third derivative of 1/120*b**5 + 11/12*b**4 + 5*b**2 + 0*b**3 - 1/720*b**6 + 0*b + 0. Let m(f) be the second derivative of h(f). Determine m(4).
-3
Let y(h) = -3*h**3 - 18*h**2 + 4*h - 20. Let w(z) = 10*z**3 + 71*z**2 - 13*z + 58. Let s(o) = 2*w(o) + 7*y(o). What is s(16)?
8
Let n(c) = c**2 - 3*c. Suppose 3*p + 60 = 7*p. Let r = 15 - p. Suppose 3*y = 4*w + 3, -2*y = w - r*w - 13. Give n(y).
10
Let l(u) be the first derivative of -59 + 0*u - 11/2*u**2. Let w = 2 - 3. What is l(w)?
11
Let i(l) be the first derivative of l**6/120 + 3*l**5/20 + l**4/4 - l**3 + 49*l**2/2 + 79. Let k(s) be the second derivative of i(s). Calculate k(-8).
10
Let v(p) = -6*p - 6. Let c(j) = -j - 1. Let q(u) = 34*c(u) - 6*v(u). Let n be (-2)/(-6) + 68/12. Calculate q(n).
14
Let w(d) = -4*d**2 + d. Suppose 4*m = -3*q + 1 + 6, m + 5 = -3*q. Suppose 2*s + 15 = 5*s - m*o, 3*s - 3*o = 12. Determine w(s).
-3
Let l(i) be the third derivative of i**5/120 - 2*i**4/3 - 56*i**3 - 4*i**2 - 31*i. Let v(x) be the first derivative of l(x). What is v(15)?
-1
Let n(s) = -7*s**2 - 138*s - 316. Let m be n(-17). Let o(l) = l**2 - 7*l - 20. Determine o(m).
-20
Let l(o) = 12*o - 75. Let j(d) = -12*d + 59. Let r(a) = 4*j(a) + 3*l(a). Give r(6).
-61
Suppose -44*u = 8*u + 33*u - 1020. Let x(h) = h**3 - 12*h**2 + 2*h - 29. Give x(u).
-5
Let r be (9/5)/(1 + 36/(-40)). Suppose -10*n + r = -16*n. Let p(f) be the second derivative of -f**4/6 - 2*f**3/3 + f**2/2 - 3*f. Determine p(n).
-5
Suppose -28 = -0*d + 4*d + 40. Let m(x) = 4*x + 58. What is m(d)?
-10
Let y(x) = -2*x. Let q(h) be the second derivative of -h**3/6 + 10*h. Let k(p) = 6*q(p) - 4*y(p). Let w(d) = 1. Let r(t) = k(t) - 3*w(t). Determine r(-6).
-15
Let i(r) = 2*r - 6 - 5*r + 7. Let o(m) = m**2 - 76*m - 14 + 45*m + 0*m**2 - 3*m**2. Let y be o(-15). Calculate i(y).
-2
Suppose -5*k + 12*k = 308. Suppose -2*z = 50 - k. Let l(j) = -j**2 - 3*j - 5. What is l(z)?
-5
Let t(r) = -5*r**3 - 11*r**2 - 9*r - 8. Let u(i) = -i**3 - i**2 - i. Let w be (-9 - -8)/(0 + -1). Let j(q) = w*t(q) - 4*u(q). What is j(-6)?
-14
Let q(v) be the second derivative of 31*v**3/6 - v**2/2 + 4215*v. Calculate q(2).
61
Let u(x) = 2*x**3 - 2*x**2 - 15*x - 3. Let t(z) be the first derivative of -3*z**4/2 + 2*z**3 + 41*z**2/2 + 8*z + 30. Let i(w) = 3*t(w) + 8*u(w). What is i(-2)?
18
Let n(j) = -9. Let y(q) = -32*q - 54. Let u(o) = 6*n(o) - y(o). Let h be 2*(-12)/(-6) - 3. Determine u(h).
32
Suppose 0 = -5*c - 4*j + 24, -50*c + 54*c - 2*j = 40. Let p(r) = -40*r + 321. Determine p(c).
1
Suppose -29 + 119 = 30*n. Let k be (-14)/(-49) - (n + 38/(-14)). Let p(x) = -x - 7. Determine p(k).
-7
Let d(z) = -4*z + 13. Suppose 3131*l = 3148*l + 85. Determine d(l).
33
Let c be (-46722)/(-182) - -2*2/14. Let u = -264 + c. Let r(g) = -5 - g + g**3 + 7*g**2 + 0*g**2 - 2*g**3 + 2*g**3. Calculate r(u).
2
Let i(m) = -2*m - 11. Let w(v) = -v + 1. Let o(a) = -i(a) + w(a). Determine o(-4).
8
Let v(w) be the second derivative of -w**5/20 - 5*w**4/12 - w**3/3 - 5*w**2/2 + 221*w. Suppose 0 = 3*p - 14 - 10. Let z be 7*-1 - (-10 + p). Determine v(z).
5
Suppose -14*t = 228*t + 484. Let o(u) = 13*u**2 + 13*u + 1. Calculate o(t).
27
Let r(m) = 3*m**3 + 197*m**2 - 58*m + 545. Let l be r(-66). Let x(b) be the second derivative of 0 + 0*b**2 + 0*b**3 - 1/12*b**4 - l*b. Give x(-2).
-4
Let m(a) be the first derivative of 11/2*a**2 + 8*a + 1/3*a**3 - 96. Determine m(-11).
8
Let k be (-15)/(-4 + 6 - (-8)/(112/(-49))). Let g(b) = 5*b - 43. Give g(k).
7
Let s(z) = z**3 - 5*z**2 + 3*z + 22. Let k = -2838 + 2844. Determine s(k).
76
Let r(q) be the second derivative of -q**3/6 - 5*q**2/2 - 384*q + 2. Calculate r(5).
-10
Let f(a) be the first derivative of a**4/2 + 4*a**3 - 6*a**2 - a + 11381. Determine f(-7).
-15
Let s(q) be the second derivative of 7*q**3/6 - 65*q**2 - 402*q - 1. What is s(18)?
-4
Suppose -4*g + 14 = 2*s, -3*s - 7*g + 20 = -2*g. Suppose 0 = 5*j - 3*z - 13, -5*j + s*z = -21 + 6. Let p(v) = 2 - j - 6*v - 2 + 5*v. Give p(-6).
4
Let s(k) be the first derivative of -k**4/4 - 2*k**3 - k**2/2 - 8*k - 12830. Let t(r) = r**2 + r - 6. Let x be t(0). What is s(x)?
-2
Let p(x) = 633 - 1278 + 327 - 24*x. Determine p(-13).
-6
Let l = 598 - 304. Let k = l - 309. Let m(t) = t**2 + 15*t + 3. What is m(k)?
3
Let c(z) be the third derivative of z**5/60 + z**4/4 + z**3/6 + 10*z**2. Suppose 5*b + 0*b - 100 = 0. Suppose -b = p + 3*p. W